hat is the remainder when 33 is divided by z?
9
Suppose 0 = b - 22. What is the remainder when b is divided by 6?
4
Let r = -70 - -83. Suppose 2*s + 1 = -29. Let f = -7 - s. Calculate the remainder when r is divided by f.
5
Suppose 0 = -4*y + 32 + 8. What is the remainder when 28 is divided by y?
8
Let o(h) = 6*h**2 + 4*h**2 + h - 10*h**2 - h**2 + 23*h**3. Suppose 4*j - 2*j = 2. Calculate the remainder when o(j) is divided by 8.
7
Calculate the remainder when 4/((-8)/103)*-2 is divided by 21.
19
Let x be 156/15 - 2/5. Let s = 38 - x. Calculate the remainder when 82 is divided by s.
26
Suppose 2*q + 5*g - 32 = 6, 0 = q - 5*g + 11. What is the remainder when (136/12)/((-2)/(-3)) is divided by q?
8
Suppose 0 = -5*v, -110 = -3*w - 2*w + 4*v. Let o be 5 + -4 + 1 + 43. Let g = -3 + o. What is the remainder when g is divided by w?
20
Suppose -3*q = 6 - 21. Suppose -484 + 174 = -q*d. What is the remainder when d is divided by 16?
14
Let h(f) = 11*f**2 - 2*f + 2*f. Suppose -2*g - 5 = -3*q, 2*q + 3 = 3*g + 8. Calculate the remainder when 32 is divided by h(g).
10
Let q be (-1)/3 + (-93)/(-9). Let j be (-1 - (-6)/4)*q. Suppose i = -y + 1 + 1, j*i = -2*y + 1. Calculate the remainder when 8 is divided by y.
2
Suppose -10*d - 345 = -15*d. Calculate the remainder when d is divided by -1*2/(-3)*36.
21
Suppose -3*r = 17*r - 1320. Calculate the remainder when 393 is divided by r.
63
Let c(j) = 12*j**2 + j - 1. Let b(g) = -g. Let r(a) = b(a) + c(a). Calculate the remainder when r(1) is divided by 6.
5
What is the remainder when (-56 + -2)*3/(-6) is divided by 11?
7
Let w(r) be the second derivative of r**3/6 + 29*r**2/2 + 6*r. What is the remainder when w(-11) is divided by (3/(-2))/((-6)/40)?
8
Suppose -5*k + 0*k + 25 = 0. Suppose 9*v - 24 = k*v. What is the remainder when v is divided by 4?
2
Suppose 3*f + 5*s - 44 = 0, -f - 2*s = 4*f - 48. Calculate the remainder when 15 is divided by f.
7
Let s = 6 - 4. Calculate the remainder when 2/5 - 54/(-15) is divided by s.
0
Suppose -5*m - 32 = -182. What is the remainder when m is divided by 19?
11
Let j(x) = x**2 + 6*x. Let c be j(-6). Let v = c + 2. Let k(t) = t**3 + 6*t**2 + 6*t + 7. Calculate the remainder when k(-5) is divided by v.
0
What is the remainder when 3*(7 - 4 - -24) is divided by 14?
11
Let r(q) = -22*q - 4. Suppose -n = 3*a - 4*n - 69, -4*a = 4*n - 76. Calculate the remainder when r(-3) is divided by a.
20
Let h = 44 + -25. Calculate the remainder when 56 is divided by h.
18
Let l = -2 + 6. Suppose l*z = z + 72. Calculate the remainder when z is divided by 13.
11
Let f = -7 + 11. Calculate the remainder when f is divided by 2.
0
Suppose 3*b - 4 + 10 = 0. What is the remainder when b/((-6)/(-9)) - -43 is divided by 14?
12
Suppose -4*w = 3*i - 219 - 37, 5*i = w - 87. What is the remainder when w is divided by 10?
7
Suppose -4*p + 179 = w, -p + 4*w + 25 = -41. Calculate the remainder when 273 is divided by p.
43
Suppose 3*n - 7*n = -24. Calculate the remainder when n is divided by 1 - 2/(-4)*2.
0
Suppose 4*y - 9 = 19. Calculate the remainder when y is divided by 5.
2
What is the remainder when 319 is divided by (-4)/(120/138)*-10?
43
Let p = 14 + -15. Let f(b) = 30*b**2 + b. Calculate the remainder when f(p) is divided by 15.
14
Suppose t = 2*q - 11, -2*q - t - 3 = -3*q. Let b be 4/5*60/q. Calculate the remainder when 18 is divided by (20/b)/(3/9).
8
Let g = -23 - -68. Let f be -3*5/(g/(-6)). Suppose -w - 92 = -3*i + 3*w, -2*i + f*w + 60 = 0. Calculate the remainder when i is divided by 15.
13
Suppose 25 = 5*b, 19 - 61 = 4*h - 2*b. Let j = h - -23. Calculate the remainder when 29 is divided by j.
14
Suppose -4*w = 4*d - 12, -w - 2*d + 4 + 2 = 0. Suppose -j - j - 2 = w. Calculate the remainder when ((-18)/(-30))/(j/(-5)) is divided by 3.
0
Let v(g) = g**2 + 5. What is the remainder when v(0) is divided by 2?
1
Let h = -9 - -13. Suppose 3*s = h*s - 6. What is the remainder when 22 is divided by s?
4
Let o(r) = 3*r**2 - 1. Let y be o(2). Let v(d) = -d**3 + 12*d**2 - 5*d - 15. Calculate the remainder when v(y) is divided by 27.
24
Let n be 0*2/4 - 11. Let x(v) = 27*v**2 - 1. Let a be x(-1). Let c = a + n. What is the remainder when 57 is divided by c?
12
Let i = 32 + -101. Let z = -40 - i. Calculate the remainder when z is divided by 10.
9
Suppose i - 73 = -2*j, -4*i - 15 + 137 = 3*j. Suppose -24*l = -22*l - j. Calculate the remainder when 31 is divided by l.
14
Let r = -11 - -18. What is the remainder when r is divided by 4?
3
Let k(j) = j**2 - 4*j - 6. What is the remainder when 17 is divided by k(6)?
5
Suppose -3*i + 2*i + 34 = 0. What is the remainder when 133 is divided by i?
31
Let l be 1/(-5) - 1/(-5). Suppose 2*k + 5*s - 45 = l, 25 + 49 = 3*k + s. Calculate the remainder when k is divided by 14.
11
Let n = 88 + -86. Let y(q) = -q**3 - 7*q**2 + 6. Let s be y(-7). Suppose -5*d = -3*d - s. What is the remainder when d is divided by n?
1
Suppose -4 + 13 = 3*f. Suppose 5*v + d - 106 = f*v, 3*v - 2*d = 145. What is the remainder when v is divided by 13?
12
Suppose -7*i + 2*i + 30 = 0. Calculate the remainder when 23 is divided by i.
5
Let c(z) = -31*z - 6. What is the remainder when c(-4) is divided by 24?
22
Calculate the remainder when 78 is divided by 4 + 0 + (-92)/(-4).
24
Suppose -2*u = 8 - 54. What is the remainder when u is divided by 13?
10
Let m be -3 - -1 - (3 + -2). Let a be (-68)/(-10) + m/(-15). Suppose 2*i - f = 10 + a, -5*i = -3*f - 44. Calculate the remainder when i is divided by 4.
3
Let r = 32 + -13. Let j be -1 + -29*(-1 + 0). What is the remainder when r is divided by 41/4 + (-7)/j?
9
Suppose -g - 16 = -0*g. Let d = -2 - g. Calculate the remainder when 25 is divided by d.
11
Suppose -5*m = -2*p + 135, 4*p + 2*m = 3*m + 225. What is the remainder when p is divided by 6/4*(-152)/(-12)?
17
Suppose k - 16 = -3*n, 36 = -2*k + 3*k - 2*n. Let r be 30/4*(-2)/(-3). Suppose 0 = -r*v + k + 12. Calculate the remainder when 23 is divided by v.
7
Suppose -i + 5*p + 28 = -0*p, -p - 17 = -4*i. What is the remainder when 9 is divided by i?
0
Let k(d) = -d**3 + 10*d**2 - 3*d - 8. Let g = -1 + 3. Suppose 0 = g*r + 5*u - 22, -4*r + 7*r - 54 = 3*u. What is the remainder when k(9) is divided by r?
14
Let j be 1/((2/(-1))/2). Calculate the remainder when 0 - 2*-4 - j is divided by 3.
0
Let a(u) = -16*u - 4. Let l(r) = -2*r + 5. Let k be l(4). Calculate the remainder when a(k) is divided by 15.
14
Suppose 9*u - 8*u - 5 = 0. Suppose -3*k + 43 = -u*n, -37 - 41 = -5*k + 2*n. Calculate the remainder when 44 is divided by k.
12
Let w = 46 - 28. What is the remainder when 51 is divided by w?
15
Calculate the remainder when 1284/20 + 16/20 is divided by 17.
14
Let q = -16 - -9. What is the remainder when 20 is divided by (0 - q/4)*4?
6
Let f = 9 + 1. Calculate the remainder when (-12)/9*(0 - 21) is divided by f.
8
Let j(r) = -40*r + 274. Let t be -1 - -1 - (1 + -2). What is the remainder when j(6) is divided by ((-12)/(-14))/(t/14)?
10
Let w(m) = 2*m**2 + 12*m + 8. Calculate the remainder when 167 is divided by w(-6).
7
Suppose -13*z + 10*z + 21 = 0. What is the remainder when 67 is divided by z?
4
What is the remainder when 12 is divided by (13 - 3/1) + -3?
5
Let n(l) = l**2 + 5*l + 6. Let s be n(-5). Suppose 0 = -3*v, z + s*v - 7 = v. What is the remainder when 25 is divided by z?
4
Let y be (-273)/(-14)*(-6)/(-9). Let f = y - 6. Suppose -7*j + 3 = -4*h - 2*j, -2*h - 4*j + 18 = 0. What is the remainder when f is divided by h?
1
Suppose 1 = -r + 5. Calculate the remainder when (340/(-51))/((-4)/6) is divided by r.
2
Suppose -n = -5*p + 49, 2*n + 9 = p + n. Suppose -3*g + 3*w = 159, -w - 257 = 5*g - 2*w. Let a = 80 + g. Calculate the remainder when a is divided by p.
9
What is the remainder when -201*(-2 - 15/(-9)) is divided by (-4 + 2)*34/(-4)?
16
Suppose 8 = 3*s + 5*o, 0*s - 2*o = -2*s. Suppose -3*q = 2*c - 65, 2*c + c - 66 = -3*q. Calculate the remainder when q is divided by (s/2)/((-1)/(-22)).
10
Let i = -29 - -101. What is the remainder when 56 is divided by -3 + i/((-12)/(-3))?
11
Suppose 3*s + 14 = x, 2*x - 4*s - 3 = 21. Suppose 3*w - 3*k = 3, -w - 3*k + x*k = 19. Let v = -13 - -24. What is the remainder when v is divided by w?
5
Let a(z) = z + 12. Let f be a(-10). Suppose 5*x + l - 62 = 0, -3*x = -5*l 